of j.
2, 5
Suppose 4*c - 5*f - 27380 = 0, -19*f + 17*f = 0. List the prime factors of c.
5, 37
List the prime factors of (-118615)/28*104/(-65).
2, 3389
Let i be (-6595)/(-3) - (-6 - 65/(-15)). Let a(q) = 322*q**2 + q - 1. Let z be a(3). Suppose i + z = 20*f. What are the prime factors of f?
3, 5, 17
Suppose 160*m = 47*m - 60*m + 697536. What are the prime factors of m?
2, 3, 7
Let y = 1110 + -1662. Let n = 857 + y. Suppose -36*o + n = -31*o. List the prime factors of o.
61
Let p be ((-28)/(-3))/(48/(-72)). Let q = 197 + p. List the prime factors of q.
3, 61
Suppose 0 = 4*h + 5*p - 5284 - 2378, -4*h - 2*p = -7668. Suppose -2*t + 466 = -4*s + h, t = -3*s + 1099. What are the prime factors of s?
5, 73
Suppose -h = 5*h - 12. Let v be (20 - -1)/(-3 + h). Let c = 8 - v. What are the prime factors of c?
29
Let j(w) be the second derivative of -w**4/4 - 4*w**3/3 + 3*w**2/2 + 18*w. Let b(i) be the first derivative of j(i). List the prime factors of b(-7).
2, 17
Suppose 32 = 9*q + 7*q. Suppose 0 = -4*c + 3*z + 892, -q*z = -c - 4*z + 212. What are the prime factors of c?
2, 5, 11
Let n(m) = 81*m**2 - 1. Let q(r) = 242*r**2 - 3. Let f(y) = -11*n(y) + 4*q(y). Let d(h) = h**2 - 34*h - 1. Let j be d(34). What are the prime factors of f(j)?
2, 19
Suppose 2*s = -3*s + 25. Suppose 13 + 7 = s*t. What are the prime factors of 25*9/3 + t?
79
Let s = 29 + -389. Let v = s + 774. List the prime factors of v.
2, 3, 23
Let d(l) = -10*l - 1. Let s be (-8)/((-1)/(-5 + 4)). Let f(w) = w**2 + 9*w + 6. Let k be f(s). What are the prime factors of d(k)?
19
Let r(l) = -8 + 0 - 43*l + 19 + 1. What are the prime factors of r(-5)?
227
Suppose 54 = 17*v + 224. List the prime factors of (-24)/v*7470/36.
2, 3, 83
What are the prime factors of (17/(-8))/(14/(-28))*-48*-9?
2, 3, 17
Let x(v) = v**2 + 9*v + 2. Let j be x(-8). Let i be -1 + j/(-3) - 439. List the prime factors of (-10)/(-25) + i/(-5).
2, 11
List the prime factors of (-382)/(-5539) + (-931797)/(-29).
11, 23, 127
Let x be 5 - -13 - (-6 - 0). Suppose -l - x*l = -7750. What are the prime factors of l?
2, 5, 31
What are the prime factors of 56/(-12)*(-1467)/6?
7, 163
Let r be (-4)/(18 + -6) + 5092/12. Suppose r = -2*w + 1052. List the prime factors of w.
2, 157
Let r(v) = 43*v - 50*v + 50*v**2 - 17*v**2 + 46. What are the prime factors of r(5)?
2, 11, 19
Let b be 12/9*(-2 - -179). Suppose -4*h + b = -3*h. Suppose 0 = -2*l + t + h + 102, -676 = -4*l + 5*t. What are the prime factors of l?
13
Suppose -6*c + 138*c = 1886808. List the prime factors of c.
2, 7, 1021
Let v = -5171 - -7723. Suppose -v = -2*m - 6*m. List the prime factors of m.
11, 29
Suppose 0 = 3*r + 5*g - 23110, -30816 = 7*r - 11*r - 4*g. List the prime factors of r.
5, 23, 67
Let k(u) = -u**2 + 6*u + 10. Let o be k(7). Suppose 17 = 3*p + 4*n, o*n + 0 = -p + 14. What are the prime factors of (808/16)/(p/(-2))?
101
Let l(c) be the third derivative of 1/10*c**5 + 0 + 1/8*c**4 + 0*c - c**3 + 20*c**2 - 1/120*c**6. List the prime factors of l(4).
2, 19
Let j be 24/20*(-30)/(-18). Suppose -3*a + 4*y + 952 = 0, 64 = a + j*y - 260. What are the prime factors of a?
2, 5
Let i(x) = 1502*x - 66. Suppose -l - 3*k + 1 = 0, 5*k = 2*l - 0*l - 2. List the prime factors of i(l).
2, 359
Let v = -162 + 265. Suppose 0 = -6*p - 23 - v. Let x = p + 118. List the prime factors of x.
97
Let y = 16783 - 3941. List the prime factors of y.
2, 6421
Suppose 44695 = 19*n - 59045. What are the prime factors of n?
2, 3, 5, 7, 13
List the prime factors of (43 + 134)/((-3)/(-199)).
59, 199
Suppose -b = -2*o - 23, -4*o = -o - 4*b + 22. Let j be 468/5 + o/(-35). Let y = 70 + j. What are the prime factors of y?
2, 41
Let r be 4*((-11732)/(-16) - 28/7). Suppose 2*p = -76*m + 75*m + r, -5*p + 7294 = m. List the prime factors of p.
1459
Let y = 10 + -6. Let m(h) = -4*h - 18. Let l be m(y). Let p = l + 150. List the prime factors of p.
2, 29
Let f(v) = v**3 + 19*v**2 - 39*v - 44. Let i be f(-22). Let j = i + 869. List the prime factors of j.
3, 7, 11
Let t be 3 - 3*7/(-3). Suppose -t*k - 3 = -13. What are the prime factors of k + 5 + -2 + 207?
211
Let l = -1669 + 2549. Suppose -10*m + l - 2140 = 0. Let u = m - -190. List the prime factors of u.
2
Suppose 2*z + 1200 = 4*c + 5914, 0 = -2*z - 2*c + 4738. Let o = z - 1392. List the prime factors of o.
7, 139
List the prime factors of (18477*(-13)/78)/(12/(-16)).
2, 2053
Suppose u = 5*t + 5405 + 1784, 2*t + 28756 = 4*u. List the prime factors of u.
7, 13, 79
Let k = -896 - -17633. List the prime factors of k.
3, 7, 797
Let n(z) = 3*z + 13. Let r be n(-3). Suppose -r*x + 1631 = -v, 4*v = v + 3. List the prime factors of x.
2, 3, 17
List the prime factors of 5130/(-120)*(-2 - (-4 + 698)).
2, 3, 19, 29
Let m = -576 - -1441. List the prime factors of m.
5, 173
Suppose 1 = -l - 4*k, 0 = 2*l + 2*k - 0*k + 2. Let b = -4 - l. List the prime factors of 14/8*6/b*-28.
2, 7
Suppose 5*m - 226581 = 4*t, m - 7797 = 5*t + 37536. List the prime factors of m.
113, 401
Let k(n) = -n**3 - 16*n**2 - 8*n + 26. Let m = 68 - 65. Suppose m*z - 64 = 4*v, -4*v - 4*z - 39 = 25. What are the prime factors of k(v)?
2, 7, 11
Let q = 3826 + -3442. List the prime factors of q.
2, 3
Let o(v) = -v**3 + 65*v**2 - 920*v - 249. List the prime factors of o(37).
13, 311
Suppose 0 = 2*z - 4*i - 16822, -49*z + 53*z = 5*i + 33644. List the prime factors of z.
13, 647
Suppose 0 = -3*r - 3*o, o - 15 = -2*r + 4*o. Suppose -3*g = 5*z - 4239, r*z - 2497 = -3*g + 44. What are the prime factors of z?
3, 283
Suppose 0 = 4*v + 1 - 9. Suppose -v*d = -2*p + 55 - 543, 6 = 3*p. Suppose 0 = -0*f + 3*f - d. What are the prime factors of f?
2, 41
What are the prime factors of 64932/(-5)*(-1750)/1050?
2, 7, 773
Suppose 12*b - 53 + 5 = 0. Suppose 0*g - 9 = -5*d + g, 3*d - b*g - 2 = 0. Suppose 2*f = 10 - d, -3*r + 2*f = -325. List the prime factors of r.
3, 37
Let v = -106 - -100. Let q be (v/39 + 22/(-26))*-2. Suppose 3*x + 114 + 202 = 4*m, 0 = 4*m + q*x - 296. What are the prime factors of m?
2, 19
Let k = -347 - -686. Let h = k - -446. List the prime factors of h.
5, 157
Let f(p) = -2*p**2 - 17*p - 12. Let y be f(-7). Let d be ((-81)/(-12))/y - (-1366)/(-8). List the prime factors of (-1 - (d - -3)) + -4.
2, 3
Let g = -495 + 221. Let h = g + 304. What are the prime factors of h?
2, 3, 5
Let d = 147 + -45. Suppose -2*a + d = -4*p, 4*a + p = -p + 184. Suppose a + 24 = u. What are the prime factors of u?
71
Let s = 321 + -560. Let v = 449 + s. What are the prime factors of v?
2, 3, 5, 7
Let s(d) = -d**2 - 7*d - 9. Let n be s(-4). Suppose 446 = n*h - 841. List the prime factors of h.
3, 11, 13
Let l be 0 + ((-3315)/27 - 12/54). Let x = l - -205. List the prime factors of x.
2, 41
Let b = 15245 + -7780. What are the prime factors of b?
5, 1493
Suppose -8*b + 1272240 = 78*b + 7*b. List the prime factors of b.
2, 3, 5, 19
Suppose 728*u - 723*u + n - 74676 = 0, 2*n = -2*u + 29864. List the prime factors of u.
2, 1867
Let l be ((3 - 4) + 154/2)*3. Let v = l - 141. Suppose -2*r + v + 57 = 0. List the prime factors of r.
2, 3
Let l(d) = 3 + 1 - 5 - 17*d - 5. What are the prime factors of l(-5)?
79
Suppose 4*t - 3830 = -4*l + 10250, -3*l - 5*t + 10568 = 0. What are the prime factors of l?
2, 3, 293
Let v(t) be the third derivative of t**6/40 - 7*t**5/20 - 3*t**4/4 - 9*t**3/2 + 154*t**2. What are the prime factors of v(12)?
3, 71
Suppose 2*m + 10 = -2*u + 5*u, 0 = 2*m + 5*u + 26. List the prime factors of ((-6)/m)/((-67692)/(-11280) + -6).
3, 5, 47
Let g = 7607 + -7599. Let q = -9 - -16. Suppose 97 = g*r - q*r. List the prime factors of r.
97
Suppose 0 = -3*b - 3*p + 102, 4*p - 32 = -b + 8. Suppose 2*i + 2*i - b = 0. Suppose -i*j + 700 = 2*j. What are the prime factors of j?
2, 5, 7
Let s(f) = 37914*f**3 - 16*f**2 + 13*f + 2. What are the prime factors of s(1)?
31, 1223
Let f(z) = z**2 - 4*z + 23. Let m be f(5). Suppose -3*v + 0*v = 114. List the prime factors of 4/14 - v/m*16.
2, 11
Suppose -n + 4*n - 12 = -3*z, 3*z - 5*n - 4 = 0. Suppose -797 = -h + 2*b - 4*b, -2389 = -z*h - 4*b. What are the prime factors of h?
3, 5, 53
Let i = 12 + 7. Suppose -i*c = -15*c - 192. What are the prime factors of (-194)/6*c/(-16)?
97
Let o(v) be the first derivative of -15*v**2 + v + 3. Let z be o(-6). Suppose 0 = -h - f + z, 2*h - 3*f + f 